e 15
2638
What is 53540 (base 6) in base 3?
101001120
What is 269 (base 13) in base 12?
2b5
Convert 40113 (base 6) to base 3.
21011200
Convert -49a9 (base 11) to base 16.
-1984
d16 (base 15) to base 14
1106
Convert -1675 (base 14) to base 10.
-4023
What is -96c (base 14) in base 12?
-10b0
947 (base 10) to base 3
1022002
Convert -232 (base 5) to base 6.
-151
What is -140 (base 9) in base 12?
-99
Convert 300220 (base 4) to base 15.
dc7
Convert -2ba (base 13) to base 15.
-22b
-1525 (base 9) to base 2
-10010000101
Convert -420343 (base 6) to base 7.
-200430
What is 355 (base 15) in base 11?
627
-376 (base 14) to base 16
-2b4
313 (base 9) to base 16
ff
2700 (base 9) to base 8
3751
-131110 (base 4) to base 11
-1456
-201020122 (base 3) to base 10
-14030
-114201 (base 5) to base 16
-10cd
What is -31003 (base 5) in base 7?
-5561
-102201 (base 4) to base 3
-1121220
What is -518 (base 11) in base 15?
-2b9
-22111 (base 5) to base 15
-6c1
Convert -10502 (base 6) to base 2.
-10111000110
2111102 (base 3) to base 11
1405
Convert -bad (base 16) to base 9.
-4081
Convert -1427 (base 8) to base 14.
-407
What is -237 (base 14) in base 13?
-27c
What is 12013 (base 4) in base 2?
110000111
Convert 1422 (base 5) to base 16.
ed
-4b4a (base 16) to base 8
-45512
-304 (base 14) to base 7
-1504
Convert -237 (base 10) to base 15.
-10c
-330 (base 8) to base 5
-1331
What is -1051 (base 9) in base 14?
-3d5
Convert 101101000 (base 2) to base 10.
360
-68273 (base 9) to base 3
-2022022110
1d17 (base 14) to base 7
21330
24a (base 11) to base 16
128
Convert -10111100 (base 2) to base 10.
-188
What is 20001100 (base 3) in base 5?
120120
-5257 (base 10) to base 13
-2515
-1652 (base 7) to base 4
-22202
Convert 486 (base 10) to base 13.
2b5
What is bb6 (base 14) in base 10?
2316
Convert 1b700 (base 12) to base 9.
61810
What is -164 (base 11) in base 16?
-bf
What is -20130 (base 4) in base 15?
-260
Convert -1215 (base 8) to base 7.
-1622
982 (base 14) to base 2
11101010110
-14e6a (base 15) to base 6
-1235531
-41d (base 15) to base 3
-1021101
What is 704 (base 15) in base 13?
946
What is a8b (base 16) in base 13?
12c8
88c (base 13) to base 16
5bc
What is -222 (base 10) in base 8?
-336
Convert -2016 (base 8) to base 9.
-1373
Convert -dec5 (base 16) to base 2.
-1101111011000101
2022 (base 7) to base 4
22332
720 (base 15) to base 10
1605
-2a907 (base 12) to base 14
-17c59
What is -7602 (base 10) in base 12?
-4496
Convert 1732 (base 11) to base 4.
202211
-17a (base 11) to base 15
-dd
-928 (base 12) to base 11
-aa8
1533 (base 10) to base 3
2002210
Convert -27055 (base 10) to base 6.
-325131
Convert aa (base 15) to base 6.
424
Convert -243314 (base 5) to base 11.
-6a12
What is -9b0 (base 16) in base 14?
-c92
Convert 3561 (base 14) to base 16.
2451
Convert 19469 (base 11) to base 4.
12220223
What is -908 (base 16) in base 5?
-33222
Convert c45c (base 15) to base 4.
22020033
What is 848 (base 14) in base 8?
3140
Convert 989 (base 14) to base 8.
3535
-20670 (base 9) to base 11
-a2a9
What is 3471 (base 10) in base 5?
102341
What is -232 (base 14) in base 7?
-1162
What is 1140 (base 9) in base 12?
5a6
What is -38eb (base 16) in base 4?
-3203223
-355 (base 13) to base 16
-241
1001010 (base 2) to base 13
59
Convert -274 (base 15) to base 9.
-681
What is -26 (base 12) in base 7?
-42
Convert 1629 (base 14) to base 10.
3957
Convert -63546 (base 9) to base 16.
-a410
Convert 12030 (base 4) to base 6.
1500
321 (base 7) to base 11
138
What is 2143 (base 6) in base 16?
1ef
What is 43321 (base 7) in base 8?
25053
Convert 651 (base 11) to base 2.
1100001110
What is -416 (base 10) in base 11?
-349
11438 (base 9) to base 6
55225
What is 3045 (base 6) in base 16?
2a5
What is 1544 (base 8) in base 7?
2350
-132212 (base 4) to base 7
-5465
What is -3012 (base 4) in base 11?
-170
What is 244 (base 13) in base 4?
12022
Convert 15424 (base 6) to base 9.
3427
-1001000110100 (base 2) to base 8
-11064
24635 (base 8) to base 14
3c4d
-11011 (base 2) to base 7
-36
What is -1000001000010 (base 2) in base 9?
-5634
Convert -70334 (base 9) to base 6.
-553521
What is -26100 (base 9) in base 4?
-10102221
What is 1852 (base 10) in base 6?
12324
What is 105353 (base 8) in base 9?
53704
-65a (base 12) to base 9
-1247
Convert -4635 (base 7) to base 12.
-b90
-3065 (base 8) to base 13
-953
What is -520 (base 12) in base 4?
-23220
Convert 403144 (base 5) to base 13.
5b62
12 (base 16) to base 11
17
5a7 (base 13) to base 5
12412
Convert -1220101010 (base 3) to base 4.
-21021030
Convert 2102200 (base 3) to base 16.
6ed
-242533 (base 7) to base 15
-d14d
Convert 10110122001 (base 3) to base 16.
10aa1
Convert 934 (base 12) to base 6.
10104
What is b4 (base 15) in base 16?
a9
-245 (base 6) to base 5
-401
3 (base 12) to base 15
3
What is -8169 (base 14) in base 9?
-33452
What is 40 (base 8) in base 10?
32
What is 203122 (base 4) in base 2?
100011011010
Convert -2322 (base 5) to base 4.
-11101
Convert 3214003 (base 5) to base 12.
27491
What is -3144 (base 10) in base 4?
-301020
Convert 1770 (base 12) to base 5.
42240
2577 (base 9) to base 2
11110001101
What is 4df6 (base 16) in base 9?
30335
Convert -b3b (base 12) to base 2.
-11001011111
-4445 (base 6) to base 12
-725
What is 450 (base 7) in base 12?
173
What is -1307 (base 8) in base 3?
-222100
Convert -573 (base 8) to base 2.
-101111011
Convert -1311310 (base 4) to base 14.
-2a68
What is 10869 (base 13) in base 10?
30000
What is -2012302 (base 5) in base 10?
-32202
Convert 324433 (base 6) to base 7.
141366
-99d (base 16) to base 5
-34321
What is -285 (base 14) in base 6?
-2205
1c2 (base 14) to base 4
11232
Convert 1010010000000 (base 2) to base 3.
21012101
What is -11313 (base 6) in base 15?
-739
Convert 3932a (base 11) to base 10.
56297
What is 1342 (base 7) in base 9?
637
What is 1201 (base 6) in base 10?
289
-4247 (base 8) to base 4
-202213
What is 65 (base 8) in base 16?
35
What is 1102002 (base 3) in base 9?
1362
Convert -84066 (base 9) to base 14.
-162da
What is 30 (base 6) in base 12?
16
Convert 3501 (base 10) to base 6.
24113
-41451 (base 6) to base 14
-2063
What is -535 (base 10) in base 15?
-25a
-58bf (base 16) to base 5
-1211334
What is -210041 (base 6) in base 16?
-41e9
What is -16910 (base 10) in base 2?
-100001000001110
What is 1991 (base 13) in base 14?
1580
What is -178b (base 13) in base 5?
-102440
-2432 (base 11) to base 5
-100211
-130033 (base 4) to base 2
-11100001111
-1444353 (base 6) to base 3
-11021011020
-3323110 (base 4) to base 16
-3ed4
21201 (base 3) to base 4
3100
Convert -100101100111 (base 2) to base 14.
-c3d
What is -2336 (base 8) in base 5?
-14441
-3503 (base 6) to base 5
-11311
What is 12232223 (base 4) in base 6?
331335
What is -66e (base 15) in base 11?
-1102
What is 2bc6 (base 15) in base 16?
24c3
440 (base 10) to base 13
27b
What is -503 (base 7) in base 12?
-188
What is -1041220 (base 5) in base 2?
-100011110000110
What is -1033 (base 8) in base 10?
-539
Convert -78b4 (base 12) to base 16.
-3448
What is -87a (base 15) in base 13?
-b44
Convert -230 (base 10) to base 3.
-22112
11100101110111 (base 2) to base 9
22155
-345332 (base 7) to base 13
-22244
Convert -215710 (base 8) to base 15.
-167d3
What is 2304 (base 5) in base 14?
197
What is -248 (base 12) in base 7?
-1001
2122 (base 3) to base 13
56
What is -12311 (base 4) in base 6?
-2005
Convert 652 (base 8) to base 7.
1146
Convert -1306a (base 12) to base 9.
-38601
-c6b (base 13) to base 2
-100001000101
Convert 1142121 (base 5) to base 6.
243412
What is 1823 (base 10) in base 9?
2445
What is 122b3 (base 12) in base 9?
36680
What is -111223 (base 4) in base 9?
-1811
What is -62a (base 11) in base 5?
-11013
-15415 (base 6) to base 15
-b3b
What is 10100010 (base 2) in base 6?
430
Convert -17d (base 15) to base 13.
-205
-afc (base 16) to base 4
-223330
Convert 1178 (base 12) to base 9.
2622
-4143 (base 5) to base 2
-1000100100
Convert 2181 (base 11) to base 5.
42442
What is 12005 (base 14) in base 15?
d024
Convert 44405 (base 6) to base 8.
14065
-d02 (base 16) to base 11
-2558
Convert 8688 (base 14) to base 3.
1011220001
Convert -13575 (base 8) to base 3.
-22020201
What is -1010001001111 (base 2) in base 9?
-7116
-1310120 (base 4) to base 5
-214243
Convert -22222 (base 4) to base 15.
-307
230 (base 6) to ba